 divided by d?
7
Suppose -198 = 9*r - 20*r. What is the remainder when 18 is divided by r?
0
Suppose -5*f = -0*f - 15. What is the remainder when 46 is divided by 3/(f + 135/(-48))?
14
Let a be ((-3 + -3)/(-3))/1. Suppose 2*b - 3*p = -4*p + 15, 3*b - 24 = -a*p. What is the remainder when 9 is divided by b?
3
Suppose -f = 2*f - 3. Calculate the remainder when (-1)/3*f*-15 is divided by (0 - 2 - -3) + 2.
2
Let d(x) = x - 2. What is the remainder when d(7) is divided by -1 + -3 + (-18)/(-3)?
1
Suppose -233 = -3*d + 3*s + 259, -3*d = -5*s - 494. Let g = -30 + 33. Suppose g - d = -5*w. Calculate the remainder when w is divided by 11.
10
Let m = -97 + 113. What is the remainder when 222 is divided by m?
14
Let x(z) = 37*z. Let p be x(1). Let y = p - 24. What is the remainder when y is divided by 7?
6
Suppose 3*s - 29 = -2*t - 0*s, 31 = 2*t + 5*s. Let w(a) = a**3 - a**2 - 2*a - 4. Calculate the remainder when w(4) is divided by t.
10
Suppose -3*x = -h + 5 + 4, -4*x = -3*h + 17. Calculate the remainder when 11 is divided by h.
2
Let u(v) be the second derivative of -v**3/3 + 15*v**2/2 - 6*v. Calculate the remainder when u(0) is divided by 8.
7
Let q = 28 + -11. Calculate the remainder when 48 is divided by q.
14
What is the remainder when 52 - (-4)/(-3 + -1) is divided by 20?
11
Suppose -2*d - 2*d = -64. What is the remainder when 45 is divided by d?
13
Suppose 21 = 3*k + 6. What is the remainder when ((-35)/30)/(3/(-18)) is divided by k?
2
Suppose 2*a - 4 = 2*y, y + 10 = 4*a - 2*y. Suppose 0 = -4*n - a*v + 8, -2*n - n + 2*v = -11. Calculate the remainder when 10 is divided by n.
1
Suppose -x + 7 = b, -b = 9*x - 4*x - 35. Suppose -5*q - x = 3*h, 3*q - 2 + 17 = 0. What is the remainder when 15 is divided by h?
3
Let n = 57 + -9. Suppose -g + n = -0. What is the remainder when ((-60)/g)/((-1)/20) is divided by 9?
7
Suppose -3*f - g + 16 = g, -4*f = -g - 36. Calculate the remainder when 14 is divided by f.
6
What is the remainder when ((-8)/10)/(-4) - 758/(-10) is divided by 16?
12
Suppose x + 2*u + 22 = 5*x, 4*u + 32 = 4*x. Let t(m) = 4*m + 2. What is the remainder when t(x) is divided by 4?
2
Suppose 0 = 4*f - 2*f - 116. Calculate the remainder when f is divided by 15.
13
Suppose 0*a + 5*j + 89 = 2*a, 2 = -2*j. Calculate the remainder when a is divided by 15.
12
Let q be (-6)/5*(6 + -1). Let u = 15 - q. Calculate the remainder when u is divided by 8.
5
Let s = 50 - 47. Calculate the remainder when 30 is divided by s.
0
Let h = -2 + -6. Let r = h - -14. What is the remainder when 17 is divided by r?
5
Let y(r) = r**3 + 10*r**2 + 5*r + 1. Let f be y(-7). Let i = 180 - f. Suppose 0 = 2*p - 2, 3*d = -6*p + 2*p + 73. What is the remainder when i is divided by d?
21
Suppose -4*w + 135 - 15 = 0. Calculate the remainder when w is divided by (-2)/(-6) - (-94)/6.
14
Suppose l = 2*c + 6*l - 5, 5*c = -l + 1. Suppose c = f - 4 - 2. Suppose 0 = z + 2*z - 30. What is the remainder when z is divided by f?
4
Suppose 9*l - 4*l - 20 = 0. Let i(u) = u + 5. Let r be i(-4). Calculate the remainder when l is divided by (-1)/(((-1)/2)/r).
0
Suppose -s = -5*d - 17, -4*s + 2*d + 3*d + 23 = 0. Calculate the remainder when (40 - 0) + -1*s is divided by 13.
12
Suppose n = 2, 2*n = -6*y + y + 179. Let u = -28 - -46. Calculate the remainder when y is divided by u.
17
Let m be (-2)/7 - 16/(-7). Suppose -5*w = -4*y - 22, 0 = -0*y + y - m. What is the remainder when 15 is divided by w?
3
Let c = -16 + 17. Suppose -n - c = -12. Calculate the remainder when 30 is divided by n.
8
Suppose 4*x + 12 = 0, -5*z + 4*x + 42 = -3*z. Suppose -5*d = 3*m - 52, -3*m = -0*m + 4*d - 47. Calculate the remainder when z is divided by m.
6
What is the remainder when 51 is divided by 6/(-4)*(-260)/15?
25
Let q = 17 + -7. Let k = q - 1. What is the remainder when k is divided by (-44)/(-12) - 1/(-3)?
1
Let d = -4 - -6. Let z = 0 - -3. What is the remainder when z is divided by d?
1
Let h = 18 - 3. Suppose 4*x - 26 = z - 6, 3*x + 3*z - 30 = 0. What is the remainder when h is divided by x?
3
Calculate the remainder when (-1)/((-3)/19)*3 is divided by 7.
5
Let h(t) = -t + 32. Calculate the remainder when h(0) is divided by 13.
6
Suppose -5*c + 290 + 175 = 0. Calculate the remainder when c is divided by 32.
29
Suppose 0 = -o - 0*o + 12. Calculate the remainder when 2/6 + (-560)/(-12) is divided by o.
11
Let s(v) = v**2 - 9*v - 11. What is the remainder when s(15) is divided by 21?
16
Suppose -4*l = l. Suppose -5*r + 9 = 2*d - l, 4*d - 2*r = 78. What is the remainder when 32 is divided by d?
15
Let c = 25 - -10. Let i(u) = 2*u**2 - 2*u - 1. Let d be i(-1). Let f(t) = 3*t + 3. Calculate the remainder when c is divided by f(d).
11
Suppose -2*c = 3*c - 75. Calculate the remainder when c is divided by 8.
7
Let a(z) = -z - 5. Let n be a(-4). Let p = n - -3. Suppose 2 = 3*t - 2*b - 1, -4*b + 15 = t. Calculate the remainder when t is divided by p.
1
Let x(i) = i**2 - 3*i - 9. Let j be x(5). What is the remainder when 85 is divided by (29/(-3))/(j/(-3))?
27
Let o(z) = z**2 - 6*z + 5. Let w be o(6). Suppose -2*s = -3*t - 3 - 4, 0 = -4*t + w*s - 14. Calculate the remainder when 14 is divided by t/((0 + -1)/5).
4
Suppose -y + 10 = k, 30 + 5 = 3*k + 4*y. Calculate the remainder when 22 is divided by k.
2
What is the remainder when 1 - (-14 - (-6)/(-3)) is divided by 10/45 + (-79)/(-9)?
8
Let g = 35 + -1. Let w = 125 - 65. Suppose -3*c = -8*c + w. Calculate the remainder when g is divided by c.
10
Suppose 5*y - 5*u = 285, 5*y - 442 + 157 = -4*u. Calculate the remainder when y is divided by 15.
12
Suppose -25 = -4*f + 15. Suppose 11*a = 4*a + 21. Calculate the remainder when f is divided by a.
1
Calculate the remainder when (-3)/9 + 1183/21 is divided by 29.
27
Suppose -10*p + 12*p = 20. What is the remainder when 37 is divided by p?
7
Suppose 2*c - 3*f = 5*c - 21, c + 5*f = -9. What is the remainder when 40 is divided by c?
7
Let v = 0 - -2. Suppose -v*z + 15 = -105. Calculate the remainder when z is divided by 16.
12
Let j = 81 + -35. Calculate the remainder when j is divided by 13.
7
Let y = -199 - -303. What is the remainder when y is divided by 12?
8
Suppose -4*u - 2*h = 2*h - 4, 0 = -5*u - h + 1. What is the remainder when 26 is divided by 4 + 2 - (-1 - u)?
5
Calculate the remainder when 66 is divided by (-12)/102 + (-786)/(-34).
20
Let n(w) = -23*w - 3*w - 8*w + 1. Let b(a) = a + 5. Let f be b(-6). What is the remainder when n(f) is divided by 12?
11
Suppose 12*z - 14*z = -110. Calculate the remainder when z is divided by 12.
7
What is the remainder when 2/7 - (-235)/35 is divided by 4?
3
Suppose -5*c + 5*h = 25, 2*c - 2*h = 3*c - 10. Suppose 2*x - 14 = -c. Let m = x - 4. What is the remainder when 5 is divided by m?
2
Suppose 3*v - 77 = -b, 4*v - 3*b - 2*b = 71. What is the remainder when 45 is divided by v?
21
Let r be -1 + 50 - (2 + 1). Suppose -2*d - 8 + r = 0. What is the remainder when d is divided by 7?
5
Let q = -4 - -7. Suppose 9 + 6 = q*b. Let a = b - 3. Calculate the remainder when 5 is divided by a.
1
Suppose 50*v - 48*v = 10. Calculate the remainder when 8 is divided by v.
3
Let i be (0 + 1)/((-3)/(-15)). Suppose i*j + 18 - 3 = 0, 6741 = -4*l + j. Calculate the remainder when (-20)/(-130) - l/26 is divided by 22.
21
Let p be 3 - 6 - 5*-1. Let d = -1 - -1. Calculate the remainder when d + 36 - p/(-1) is divided by 20.
18
Suppose -3*t + 2 = -2*r - 6, 3*t = -2*r + 16. Suppose t*i - 3*n = 9, -i - 4*n - 13 = -1. Let m = 6 + i. What is the remainder when 11 is divided by m?
5
Let j = -8 - -32. Let f = j - 17. Calculate the remainder when 20 is divided by f.
6
Let c(i) = -2*i**2 + 4*i - 3. Let k be c(2). Let r(d) = 2*d**2 + 2*d - 1. Suppose 5*z - 44 + 14 = 0. Calculate the remainder when r(k) is divided by z.
5
Let q(t) = -t**3 + 4*t**2 - 3*t + 1. Calculate the remainder when 11 is divided by q(2).
2
Calculate the remainder when 16 is divided by 0 + 6 + (3 - 3).
4
Calculate the remainder when ((-84)/30)/7 - (-704)/10 is divided by 9.
7
Suppose 3*u - 8 = -5*v, 77*u - 79*u = 2*v - 12. Let w = 9 + -5. What is the remainder when u is divided by w?
3
Let j(y) = -2*y**3 - 2*y**2 - 3*y + 1. Let i(m) = -m**3 + m**2 - m - 3. Let b be i(0). Calculate the remainder when j(b) is divided by 12.
10
Let t(b) = 16*b - 32. Wh